alculate the greatest common divisor of o and 12.
12
Suppose -2*f = 2*f. Suppose -4*t - 3*a + 19 = f, -21 = -4*a - 1. What is the highest common divisor of 7 and t?
1
Suppose 207 + 177 = 8*y. Calculate the highest common divisor of 24 and y.
24
Let h = 9 + -6. Suppose o + 51 = 3*c - 87, -h*o - 144 = -3*c. Calculate the greatest common divisor of c and 5.
5
Let f be (58/4)/((-1)/(-2)). Let g = 56 - f. Suppose -5*b + g = -8. What is the greatest common factor of 35 and b?
7
Suppose 3 = 2*m - 7. Suppose -m*t - 7 = -17. Calculate the highest common factor of t and 5.
1
Suppose -x = 9 + 37. Let a = -28 - x. What is the highest common divisor of a and 6?
6
Suppose -o = 3*a - 14, -2*a + 30 = 3*o + a. Calculate the greatest common divisor of 8 and o.
8
Let z(b) = -b**3 - 7*b**2 - 3*b + 2. Let v be z(-8). Let r = -25 + 35. Calculate the greatest common divisor of r and v.
10
Suppose 0 = -4*d + 37 + 75. Calculate the greatest common factor of 14 and d.
14
Let w(r) = 2*r + 16. Let d be w(-7). Suppose -59 = -5*y + 11. Calculate the greatest common divisor of d and y.
2
Suppose -6*t - 313 = -1303. What is the greatest common divisor of 33 and t?
33
Let o be -5*((-8)/5 - -1). Let j = 1 + 14. What is the highest common factor of o and j?
3
Suppose 5*y - t - 9 = 3, 2*y + t - 9 = 0. What is the highest common divisor of 57 and y?
3
Suppose 4*o = 41 - 17. Let t = 13 - o. Calculate the highest common factor of 63 and t.
7
Suppose 5*l = 4*i - 11, 5*i - 69 = -5*l + 1. Calculate the highest common divisor of i and 3.
3
Let a be (-39)/(-4) - (-1)/4. Suppose y = -t + 3*t + a, 0 = 3*y + 5*t - 30. Let u be 5/3*(3 + 0). What is the highest common divisor of u and y?
5
Let l(q) = q**2 + 5*q + 3. Suppose -i = i + 16. Let r be l(i). What is the greatest common divisor of r and 3?
3
Let g(v) = 2*v**2 + 3*v - 2. Let r be g(-3). Suppose -2*m + 63 = 7. Suppose -j + m = j. Calculate the greatest common divisor of j and r.
7
Let v(g) = -g**3 - 4*g**2 - g - 1. Let h be v(-5). Calculate the highest common factor of h and 203.
29
Suppose 5*t + 31 = 5*s - s, -5*s - t = -46. Let p(f) = f**3 + 5*f**2 - 7*f + 1. Let z be p(-5). What is the highest common factor of s and z?
9
Suppose -2*k + 24 = -6*k. Let z = 4 + k. Let r be (z - -12) + 2/2. Calculate the highest common factor of r and 121.
11
Let f = -1 + 8. What is the greatest common factor of 21 and f?
7
Let c be (2 - 9)*(4 + -5). What is the greatest common divisor of c and 35?
7
Suppose -3*v - 2*v = 35. Let g be (-338)/v - (-10)/(-35). Calculate the greatest common factor of 32 and g.
16
Suppose 10*l + 45 = 15*l. What is the highest common factor of l and 72?
9
Suppose -4*f - f + 110 = -3*a, -4*f + 2*a = -88. Let t = 14 + f. What is the greatest common factor of 4 and t?
4
Suppose s = -0 + 2. Suppose 2*t = -s*t + 4. What is the highest common factor of 8 and t?
1
Suppose -4*o - 4*u - 6 = -2, -o + 4*u = -4. Suppose o*z = 3*z - 24. What is the greatest common divisor of z and 4?
4
Let t = 72 - 147. Let o be 0*3/(-9) - t. Suppose 5*l - 5*r = 75, -3*l - 5*r = -2*r - 45. Calculate the greatest common factor of l and o.
15
Suppose i = -8 + 30. Let n = 853 - 413. Suppose -4*f + 1232 = n. Calculate the highest common divisor of i and f.
22
Suppose -q - 3 - 6 = 0. Let y = q - -54. Suppose 4*p + 9 - y = 0. Calculate the highest common factor of 45 and p.
9
Let f be (2 + 1/2)*2. Suppose 0 = -f*v + v + 48. Suppose 0*l + l - 88 = -i, -240 = -3*i + 3*l. Calculate the greatest common divisor of v and i.
12
Let p(b) be the first derivative of -b**4/4 + b**3 + b**2/2 - b - 3. Let f be p(2). Suppose f*r = r + 4. What is the greatest common divisor of 3 and r?
1
Let b(n) = 9*n**2 + 2*n - 2. Let p be b(1). Calculate the greatest common divisor of p and 9.
9
Suppose -m - 4*m = -665. What is the highest common divisor of m and 19?
19
Suppose 0 = -3*y + 231 + 33. What is the highest common factor of 22 and y?
22
Let c(w) be the third derivative of w**5/60 + w**4/12 - 7*w**3/6 - 2*w**2. Let f be c(-5). What is the greatest common factor of 4 and f?
4
Let s = 72 + -38. Calculate the highest common divisor of 85 and s.
17
Let m(v) = v**3 + 14*v**2 - 5*v + 13. Let b be m(-7). Calculate the greatest common factor of b and 23.
23
Let h = -6 + 46. Let y = 23 + -18. What is the highest common divisor of y and h?
5
Let k = -13 - -29. Suppose 3*v - 7*c = -3*c + 13, 4*v - 30 = -c. Suppose -3*g = 2*y + 2, -v - 7 = -5*y + 2*g. What is the greatest common divisor of k and y?
2
Let q be 0 + (10/2 - -12). Let n(r) = 10*r**2 - 2*r + 1. Let y be n(3). What is the highest common divisor of y and q?
17
Suppose -396 = g - 4*g. What is the greatest common factor of g and 12?
12
Let v = 10 + -9. Suppose -u + 2 = -1. Calculate the greatest common divisor of v and u.
1
Let y = -27 - -42. What is the highest common factor of 60 and y?
15
Let m be (-1)/2 + 95/(-10). Let j be ((m/1)/2)/(-1). Suppose -2*s + 125 = -3*n, j*n + 185 = 3*s + n. What is the greatest common divisor of s and 22?
11
Let m be 12/(-6)*(-38*1)/2. Calculate the greatest common divisor of m and 304.
38
Let s be (2/(6/(-51)))/1. Let c = -5 - s. Suppose -2*v - 2*v = 4*z - 428, -v + 105 = 3*z. What is the greatest common divisor of c and v?
12
Suppose -b + w = -51 - 13, 184 = 3*b + 5*w. Suppose 4*i = -20 + 104. What is the highest common divisor of i and b?
21
Let d be (-1)/3 - (-790)/30. What is the highest common divisor of d and 182?
26
Suppose j = 14 + 51. Let o be ((-6)/3 - -5) + 66. Let t = o - 43. What is the highest common factor of t and j?
13
Suppose -2*r = -5*r + 3. Let p be (-1 + r)*(-5 + 4). Suppose p = 3*u - 6*u + 144. What is the greatest common factor of 12 and u?
12
Suppose -u + 3 = -6. What is the highest common factor of u and 63?
9
Let d = 16 + -5. Suppose 40 = -9*a + d*a. Calculate the highest common factor of 4 and a.
4
Let q be -2 + (1 - 159/(-3)). Calculate the highest common factor of 130 and q.
26
Let z = 24 + -17. Calculate the greatest common factor of z and 7.
7
Suppose 5*h + 55 = -3*y + 8*y, 2*y - 3*h = 25. Calculate the highest common factor of y and 24.
8
Let l(s) = -s**3 + 3*s**2 - 2*s + 1. Let h be l(2). Let x(u) = 11*u - 1. Let v be x(h). Suppose -9 - 3 = -3*a. What is the greatest common divisor of a and v?
2
Let a = -7 - -42. Calculate the highest common factor of 14 and a.
7
Let l = -297 + 298. Let p be (-174)/(-21) + 4/(-14). What is the highest common factor of p and l?
1
Let x(c) be the third derivative of c**6/120 + c**5/60 - c**4/24 + c**3/3 + 3*c**2. Let i be x(0). What is the highest common divisor of 22 and i?
2
Let o(w) = 12*w**2 + 6*w + 4. Let m be o(-6). Suppose -2*x + m = 3*x. Suppose y = -y + x. What is the highest common divisor of 10 and y?
10
Let w = -10 + 62. Let r = 18 + -5. What is the greatest common factor of r and w?
13
Suppose 3*h + 2*q - 144 = 0, q - 252 = -5*h - 5. What is the greatest common factor of 20 and h?
10
Let u(n) = -n**3 - 2*n**2 - 2*n - 1. Let l be u(-3). Let p = 5 - 12. Let w be ((-12)/l)/(1/p). What is the greatest common divisor of 24 and w?
6
Let k be -1*(0 + 0) + 60. Suppose -w = -5*j + 52, 7*j - 5*w - k = 2*j. Calculate the highest common factor of 90 and j.
10
Let m be (-2868)/(-42) - 2/7. Calculate the greatest common divisor of 170 and m.
34
Let g = -8 - -11. Let n = -55 - -85. Suppose -2*y = g*y - n. What is the highest common divisor of y and 15?
3
Let o = 33 - 20. Calculate the highest common divisor of 52 and o.
13
Let k = -5 + 8. Suppose -p - i = -11, 2*i - 25 = -3*i. Calculate the greatest common factor of k and p.
3
Let j = 11 + -9. Let t = 2 - j. Suppose t = -5*h + 26 + 9. What is the highest common factor of h and 70?
7
Let f(w) = -w + 2. Let k be f(-3). Calculate the highest common divisor of k and 35.
5
Suppose 4*m - 15 = -z, 0 = 5*z + 5*m - 53 - 7. What is the highest common divisor of z and 77?
11
Let l = -10 + 24. Suppose 8*s - 4*s = 8. What is the highest common factor of s and l?
2
Let t(b) be the third derivative of -5*b**4/24 - b**3/3 - 5*b**2. Let s be t(-6). What is the greatest common factor of 140 and s?
28
Let k(a) = 3*a**2 + 3. Let x be k(-2). Suppose -y = -36 - 95. Let c = -86 + y. Calculate the greatest common divisor of c and x.
15
Suppose 0 = -4*j - 5 + 9. Calculate the highest common divisor of 1 an